{"id":51,"date":"2024-05-08T14:31:39","date_gmt":"2024-05-08T12:31:39","guid":{"rendered":"http:\/\/www.aylphy.com\/?page_id=51"},"modified":"2025-01-20T07:12:14","modified_gmt":"2025-01-20T06:12:14","slug":"assistance-moa-moe","status":"publish","type":"page","link":"https:\/\/www.aylphy.com\/index.php\/assistance-moa-moe\/","title":{"rendered":"Conseil, assistance"},"content":{"rendered":"\n<div style=\"height:4px\" aria-hidden=\"true\" class=\"wp-block-spacer\"><\/div>\n\n\n\n<p class=\"has-text-align-center\">D&rsquo;un terrain vague propos\u00e9 en vue de la construction d&rsquo;un b\u00e2timent, d&rsquo;un lieu d\u00e9saffect\u00e9 ou d&rsquo;une salle qui doivent int\u00e9grer des instruments scientifiques, la conception et la r\u00e9alisation des ouvrages n\u00e9cessitent une approche, des \u00e9tudes et des pr\u00e9cautions tr\u00e8s particuli\u00e8res.<\/p>\n\n\n\n<p class=\"has-text-align-center\"><\/p>\n\n\n\n<div style=\"height:4px\" aria-hidden=\"true\" class=\"wp-block-spacer\"><\/div>\n\n\n\n<figure class=\"wp-block-image size-full\"><img loading=\"lazy\" decoding=\"async\" width=\"1920\" height=\"1080\" src=\"https:\/\/www.aylphy.com\/wp-content\/uploads\/2025\/01\/Assistance-conseil-Aylphy-20-01-2025-2.png\" alt=\"\" class=\"wp-image-1400\" srcset=\"https:\/\/www.aylphy.com\/wp-content\/uploads\/2025\/01\/Assistance-conseil-Aylphy-20-01-2025-2.png 1920w, https:\/\/www.aylphy.com\/wp-content\/uploads\/2025\/01\/Assistance-conseil-Aylphy-20-01-2025-2-300x169.png 300w, https:\/\/www.aylphy.com\/wp-content\/uploads\/2025\/01\/Assistance-conseil-Aylphy-20-01-2025-2-768x432.png 768w, https:\/\/www.aylphy.com\/wp-content\/uploads\/2025\/01\/Assistance-conseil-Aylphy-20-01-2025-2-1536x864.png 1536w, https:\/\/www.aylphy.com\/wp-content\/uploads\/2025\/01\/Assistance-conseil-Aylphy-20-01-2025-2-1140x641.png 1140w\" sizes=\"auto, (max-width: 1920px) 100vw, 1920px\" \/><\/figure>\n\n\n\n<p><\/p>\n\n\n\n<p><\/p>\n\n\n\n<p class=\"has-text-align-center\">L\u2019\u00e9laboration d\u2019une salle ou d&rsquo;un b\u00e2timent consacr\u00e9 \u00e0 l&rsquo;instrumentation scientifique requiert des conseils, des \u00e9tudes, des calculs et des simulations, des analyses sp\u00e9cifiques. Le maquettage des locaux en 3D, les analyses de risques, les \u00e9tudes et les mesures environnementales internes et externes aux lieux propos\u00e9s sont les premiers sujets \u00e0 aborder pour l\u2019\u00e9tablissement ou l&rsquo;aide, le conseil \u00e0 la conception et r\u00e9alisation d&rsquo;un projet.<\/p>\n\n\n\n<p class=\"has-text-align-center\">Les \u00e9l\u00e9ments et syst\u00e8mes n\u00e9cessaires au bon fonctionnement des instruments scientifiques (syst\u00e8mes de climatisation, circuits d\u2019eau\u2026), les syst\u00e8mes de corrections des vibrations m\u00e9caniques au sol, des champs \u00e9lectromagn\u00e9tiques si n\u00e9cessaires pour seuls autres exemples doivent pouvoir \u00eatre int\u00e9gr\u00e9s dans l&rsquo;environnement suivant toutes les contraintes associ\u00e9es. Les \u00e9tudes des espaces p\u00e9riph\u00e9riques sont des \u00e9l\u00e9ments qui doivent aussi \u00eatre pris en compte.<\/p>\n\n\n\n<p class=\"has-text-align-center\"><strong>Aylphy <\/strong>dispose de toutes les comp\u00e9tences indispensables \u00e0 la conception et \u00e0 la r\u00e9alisation des ouvrages et propose ses services complets et garantis.<\/p>\n\n\n\n<div style=\"height:8px\" aria-hidden=\"true\" class=\"wp-block-spacer\"><\/div>\n\n\n\n<div class=\"wp-block-buttons is-horizontal is-content-justification-center is-layout-flex wp-container-core-buttons-is-layout-499968f5 wp-block-buttons-is-layout-flex\">\n<div class=\"wp-block-button has-custom-width wp-block-button__width-25 has-custom-font-size is-style-outline is-style-outline--1\" style=\"font-size:13px\"><a class=\"wp-block-button__link has-black-color has-white-background-color has-text-color has-background has-link-color wp-element-button\" href=\"https:\/\/www.aylphy.com\/index.php\/contact\/\" style=\"border-radius:0px\">N<strong>ous contacter<\/strong><\/a><\/div>\n<\/div>\n\n\n\n<div style=\"height:4px\" aria-hidden=\"true\" class=\"wp-block-spacer\"><\/div>\n","protected":false},"excerpt":{"rendered":"<p>D&rsquo;un terrain vague propos\u00e9 en vue de la construction d&rsquo;un b\u00e2timent, d&rsquo;un lieu d\u00e9saffect\u00e9 ou d&rsquo;une salle qui doivent int\u00e9grer des instruments scientifiques, la conception et la r\u00e9alisation des ouvrages n\u00e9cessitent une approche, des \u00e9tudes et des pr\u00e9cautions tr\u00e8s particuli\u00e8res. L\u2019\u00e9laboration d\u2019une salle ou d&rsquo;un b\u00e2timent consacr\u00e9 \u00e0 l&rsquo;instrumentation scientifique requiert des conseils, des \u00e9tudes, &hellip; <\/p>\n<p><a class=\"more-link btn\" href=\"https:\/\/www.aylphy.com\/index.php\/assistance-moa-moe\/\">Lire la suite<\/a><\/p>\n","protected":false},"author":4,"featured_media":0,"parent":0,"menu_order":0,"comment_status":"closed","ping_status":"closed","template":"","meta":{"footnotes":""},"class_list":["post-51","page","type-page","status-publish","hentry","nodate","item-wrap"],"_links":{"self":[{"href":"https:\/\/www.aylphy.com\/index.php\/wp-json\/wp\/v2\/pages\/51","targetHints":{"allow":["GET"]}}],"collection":[{"href":"https:\/\/www.aylphy.com\/index.php\/wp-json\/wp\/v2\/pages"}],"about":[{"href":"https:\/\/www.aylphy.com\/index.php\/wp-json\/wp\/v2\/types\/page"}],"author":[{"embeddable":true,"href":"https:\/\/www.aylphy.com\/index.php\/wp-json\/wp\/v2\/users\/4"}],"replies":[{"embeddable":true,"href":"https:\/\/www.aylphy.com\/index.php\/wp-json\/wp\/v2\/comments?post=51"}],"version-history":[{"count":53,"href":"https:\/\/www.aylphy.com\/index.php\/wp-json\/wp\/v2\/pages\/51\/revisions"}],"predecessor-version":[{"id":1403,"href":"https:\/\/www.aylphy.com\/index.php\/wp-json\/wp\/v2\/pages\/51\/revisions\/1403"}],"wp:attachment":[{"href":"https:\/\/www.aylphy.com\/index.php\/wp-json\/wp\/v2\/media?parent=51"}],"curies":[{"name":"wp","href":"https:\/\/api.w.org\/{rel}","templated":true}]}}